by r.
2
Suppose -2*h = 2*h - 68. Let j(c) = 3*c - 4. Let w be j(3). Suppose -7 = 2*f - 5*z, -3*f + 61 = f + w*z. Calculate the remainder when h is divided by f.
8
Let t = -2 - -5. Suppose 4*w = 3*w. Calculate the remainder when 3/((-6)/(-10)) - w is divided by t.
2
Let o = -39 + 98. What is the remainder when o is divided by 20?
19
Let m = 6 + -1. Suppose -m*o + 4*o - 2*t = -29, -t + 4 = 0. What is the remainder when 40 is divided by o?
19
Let z = -52 + 101. What is the remainder when z is divided by 13?
10
Suppose 16 + 64 = 5*c. Let o = -20 + 50. Calculate the remainder when o is divided by c.
14
What is the remainder when 35 is divided by (0 + -18)*(-2)/4?
8
Suppose 4*c - 2*o = 2*c + 70, -2*c + 76 = o. Suppose -n + 8 = -3*k, 3*k + 0*k - 24 = -3*n. Calculate the remainder when c is divided by n.
5
Let y = 71 + -53. What is the remainder when 52 is divided by y?
16
Suppose d + 3*d = 416. Suppose 0 = u + 2*p - 23, 0*p = 5*u - p - d. What is the remainder when u is divided by 11?
10
Let p(t) = -t**2 - 5*t - 4. What is the remainder when 3 is divided by p(-3)?
1
Let j = 3 - -1. Suppose 3*d = -2*t + 37, -j*t + 16 = d - 43. What is the remainder when t is divided by 1 - (1 - -1) - -6?
4
Suppose 0 = z - 16 + 2. Let m(d) = 38*d**2 - 5*d - 4. Let g(l) = -l**2 - l - 1. Let j(i) = -4*g(i) + m(i). What is the remainder when j(1) is divided by z?
13
Let n(x) = x**2 + 5*x - 2. What is the remainder when n(6) is divided by 33?
31
Let x be 6*(2 - 21/18). Suppose x*o = -4*h + 319, -3*h - 3*o = -0*h - 243. Calculate the remainder when h is divided by 22.
20
Suppose -3*w + 28 = -5*c + 4, 4*w = -3*c + 61. What is the remainder when w is divided by 5?
3
What is the remainder when 49 is divided by -5*(3 + -3 - -1)*-1?
4
Let i be -2 + (-4 + 1 - -1). Calculate the remainder when i*(-2 + (-87)/12) is divided by (-13)/(-2)*(-2 + 4).
11
What is the remainder when (-4)/24*2 + 248/6 is divided by 14?
13
Let h = -2 - -4. Suppose -8 = -h*i - 0. Calculate the remainder when 6 is divided by i.
2
Let d = 4 - 1. Suppose -3*u = -7*u + c + 60, d*u - 45 = 3*c. Calculate the remainder when 0 - (-43)/(-1 - -2) is divided by u.
13
Let l = 8 + -6. What is the remainder when 28/(-21)*(-4 + 1) is divided by l?
0
Let z be ((-2)/6)/((-1)/9). Suppose -z*v = 2*v - 30. Calculate the remainder when 21 is divided by v.
3
Let t be 16 + -2*(-1 - -2). Suppose -t = 2*n - 74. Suppose i - 4*i + n = 0. What is the remainder when i is divided by 6?
4
Let x = 27 + -23. What is the remainder when 11 is divided by x?
3
Let v be 36/15 + (-6)/(-10). What is the remainder when (0 + 1)/((-2)/(-82)) is divided by v*(-3 + (-69)/(-9))?
13
Suppose 0 = 2*g + 4*a - 34, -52 = -5*g - 2*a + 57. Calculate the remainder when g is divided by 6.
5
Let u(n) = -n**2 + 6*n - 5. Let s be u(5). Suppose 0*p + 2*p - 92 = s. Calculate the remainder when p is divided by 8/(3/12*2).
14
Let z(n) = 10*n - 3*n - 5 + 12. Let h(q) = -4*q - 3. Let r(w) = -5*h(w) - 2*z(w). Calculate the remainder when r(3) is divided by 10.
9
Let t(v) = v - 1. What is the remainder when t(8) is divided by 5?
2
Let s = 7 - -10. Suppose -g = -d + 7, 4*d - 42 = -7*g + 4*g. Calculate the remainder when s is divided by d.
8
Let b = 38 - 36. Calculate the remainder when 5 is divided by b.
1
Suppose -3*u + 2*q = -174, -3*u - 4*q = -u - 116. What is the remainder when u is divided by 12?
10
Let j = 9 + -13. What is the remainder when 0/(-1) + 55 + j is divided by 18?
15
Let x(u) = 4*u - 20 - u**3 + 0*u**2 + 7*u**2 + 7*u**2 - 2*u. Calculate the remainder when x(14) is divided by 4/6 - 7/(-3).
2
Suppose 0 = -0*k + 6*k - 36. Suppose 0 = c - 5*c + 20. Calculate the remainder when k is divided by c.
1
Let g = -5 + 6. Let u(f) = 18*f**2. Calculate the remainder when 52 is divided by u(g).
16
Let n be 2*(6 - 0 - 2). Let f = n + -4. Calculate the remainder when 16 is divided by (f - 5)/(1/(-9)).
7
Suppose 8*a - 3*a + 25 = 0. Calculate the remainder when a/((-15)/(-9)) - -48 is divided by 12.
9
Let a be 13 - 11 - (0 - 1). Calculate the remainder when 72 is divided by (100/(-8))/(a/(-6)).
22
Let t(a) = a**3 - 7*a**2 - 4*a - 8. Calculate the remainder when 46 is divided by t(8).
22
Let r = 208 + -77. Calculate the remainder when r is divided by 22.
21
Suppose 0 = -11*a - 57 + 3049. Calculate the remainder when a is divided by 39.
38
Suppose 0*z = 5*z - 205. Let l(r) = 3*r**3 + 3*r**2 - 4*r**3 - 3*r - 5*r**2 - 4. What is the remainder when z is divided by l(-3)?
13
Let o be (2/(-4))/(3/(-18)). Suppose -4*f + z - 93 = -9*f, -49 = -o*f - 4*z. Let w = f - 9. Calculate the remainder when w is divided by 6.
4
What is the remainder when 3640/55 + (6/(-33))/1 is divided by 35?
31
Let w(y) = 3*y**2 - 2 - 2*y**2 + 0 - 5*y. What is the remainder when 1/(-3 - 412/(-136)) is divided by w(7)?
10
Let m = -409 + 719. Suppose -3*x = r - 445, -5*x + 2*r + m = -3*x. Suppose 5*b - 2*b = x. Calculate the remainder when b is divided by 17.
16
Suppose h = -5*l - 0 + 12, 3*l - 6 = 0. Suppose -h*b = -18 - 6. Let f = b + -7. What is the remainder when f is divided by 2?
1
Calculate the remainder when 7 is divided by 1*(0 + -3)*-1.
1
Suppose 3*q = q + 66. What is the remainder when 65 is divided by q?
32
Let t(o) = 3*o**2 + 3*o + 1. Let c be t(-1). Let f(g) = g**2 - 2*g - 1. Let z be f(-1). What is the remainder when (-19)/((-3)/z + c) is divided by 13?
12
Let n be 2/5 - 92/(-20). What is the remainder when 5 is divided by (-85)/(-25) + (-2)/n?
2
Let j(v) = -v**3 + 5*v**2 + 4. Let b be j(4). Let u = b + -11. Calculate the remainder when 34 is divided by u.
7
Let u = 8 - -21. Calculate the remainder when 113 is divided by u.
26
Calculate the remainder when 81 is divided by 2 + (-84)/49 + (-96)/(-7).
11
Suppose b + 3 = 1, -4*b = 2*o - 12. What is the remainder when o is divided by (5/3 + -2)*-18?
4
Suppose 2*x = -13*r + 14*r - 37, -2*r = 2*x - 62. What is the remainder when r is divided by 19?
14
Let v = 79 - 71. Suppose 31 = 3*d - 2*d. What is the remainder when d is divided by v?
7
Let u(j) = -j**2 - 18*j - 15. What is the remainder when u(-7) is divided by 11?
7
Calculate the remainder when 466/14 + 62/(-217) is divided by 10.
3
Calculate the remainder when (-58)/(-5) - 2/(-5) is divided by 5.
2
Let f = 19 + -31. Let c = 2 - f. Suppose -4*o = -p - c, 2*p - 4*o = -2*o - 4. Calculate the remainder when 5 is divided by p.
1
Suppose 0*d - 5*d = 95. Let g = d - -24. What is the remainder when 19 is divided by g?
4
Let b = -6 + 15. Let o(y) = y**3 + 7*y**2 - 11*y - 7. Calculate the remainder when o(-8) is divided by b.
8
Let i = 1 + 1. Suppose -2*x - i*x = -132. Let s(r) = -r**3 + 5*r**2 + 4*r - 11. What is the remainder when x is divided by s(5)?
6
Let c(k) = 25 + 10*k - 15 - 9. Calculate the remainder when c(7) is divided by 18.
17
Let o = 9 + 58. What is the remainder when o is divided by 10?
7
Suppose -s + j + 105 = 0, 2*j = 5*s - 0*j - 522. What is the remainder when s is divided by 27?
23
Let n(f) = -7*f - 45. Calculate the remainder when 14 is divided by n(-7).
2
What is the remainder when -130*((-3)/(-30) + (-9)/15) is divided by 33?
32
Suppose -6 = p - 19. Let i = 12 + 11. Calculate the remainder when i is divided by p.
10
Let a(i) = 3*i + 4. Suppose -6*g = -g - 15. Let k(b) = b**2 - 2*b - 3. What is the remainder when a(g) is divided by k(-2)?
3
Let u(o) = -4*o**2 + 3*o**2 + 5 + 2*o**2 + 1 + 5*o. Let l be u(-6). Suppose s + l = 2*p - 13, -5*s = -5*p + 70. Calculate the remainder when 42 is divided by p.
9
Suppose 7*i - 4*i = 4*m + 408, 5*i - 5*m = 675. Suppose 3*r = -3*l + i, r + 0*l - 54 = -3*l. What is the remainder when r is divided by 8?
7
Let q(p) = p**3 - 5*p**2 + 6*p - 5. Let k be q(4). Let o be (k - 1)*(-2)/(-4). Calculate the remainder when 19 is divided by 10 - 1 - o - -2.
9
Let v(s) = s**2 - 3*s. Let i be v(4). Suppose -i = -2*n - 0. Calculate the remainder when 6 is divided by n.
0
What is the remainder when (0 - -3)*(-986)/(-51) is divided by 10?
8
Let z = 38 - -18. Calculate the remainder when z is divided by 15.
11
Suppose 0 = -5*j + 20, 3*j - 1 = 5*n + 1. Let i(z) = -z**2 + 2 - z + 0 + 4*z. What is the remainder when i(3) is divided by n?
0
Let n(o) = 2*o**3 - 9*o**2 - 2. Calculate the remainder when 58 is divided by n(5).
12
Let a(s) = -39*s - 5. Let z(g) = 176*g + 22. Le